w be i(-11). Let h = -276 + w. Is 19 a factor of h?
True
Let r(t) = -8*t + 42. Let u be r(3). Suppose -21*k + u*k = -4*s - 2068, -2789 = -4*k - s. Does 24 divide k?
True
Let v = 11673 - 4471. Is v a multiple of 95?
False
Let y(m) = 6*m**3 + m**2 + 5*m - 5. Let z be y(2). Suppose 0 = -2*q + l - z, -q - 36 = 5*l + 9. Let d = q + 129. Does 18 divide d?
False
Suppose 4*t - 2*i - 70482 = 72494, -t + 3*i = -35724. Is 27 a factor of t?
True
Let j(w) = w - 1. Let v be j(5). Suppose 6*a + v = 4*a. Let b(l) = -12*l**3 + l**2 - l + 2. Is 26 a factor of b(a)?
True
Let f be (-11)/88 - 33/(-8). Suppose 3*m - f = -4. Is 30 + (1 - m/3) a multiple of 31?
True
Suppose 5*d + 20 = 2*q, -3 = 5*q + 3*d + 9. Suppose -3*l + 3*b + 924 = q, -3*l - 320 = -4*l + 4*b. Is l a multiple of 7?
False
Let q = 30 + -24. Let i = -144 - -194. Suppose 0 = -q*t + i + 76. Is 3 a factor of t?
True
Let h(y) = y**2 + 12*y + 45. Let a be h(-3). Let q(u) = u**2 - 16*u. Does 4 divide q(a)?
True
Let p(i) = -80*i + 62. Suppose 4*x = -3*g + 6 - 15, -3*x + 3*g - 33 = 0. Is p(x) a multiple of 67?
False
Let a(h) = -323*h - 155. Let r be a(-3). Let z = r + -34. Is 15 a factor of z?
True
Let j(f) = -3*f - 4. Let i be j(-3). Let r = -94 + 94. Suppose r = i*w - 137 - 258. Is 16 a factor of w?
False
Let t(l) = 6 - 3 + 3*l**3 + 6 + 5*l - 7*l**2 - 2*l**3. Let z be t(6). Suppose z*p - 8*p = -25. Is p a multiple of 3?
False
Let n(k) = 23*k + 509. Is 10 a factor of n(104)?
False
Let p = -6089 - -6189. Is p a multiple of 8?
False
Let l(r) = 9*r**3 + 4*r**2 - 23*r + 63. Is l(9) a multiple of 46?
False
Suppose 0 = -2*w + 430 + 82. Suppose -2*s + w = t - 5*s, 4*s = -2*t + 542. Is t a multiple of 53?
True
Let t(i) = -i**3 + 24*i**2 - 43*i - 22. Let k be t(22). Suppose k = 29*q - 52*q + 8970. Is q a multiple of 13?
True
Suppose 22*s - 28*s = 144. Is s/10*2560/(-48) a multiple of 8?
True
Does 142 divide (14 + 8582/56 + -6)/(6/1136)?
True
Let x(b) = 52*b**2 - 18*b - 8. Let q be x(4). Let f = 1364 - q. Is 51 a factor of f?
True
Let k(l) = -1325*l + 6950. Is k(-18) a multiple of 100?
True
Suppose -3 = 3*h, -4*p + 4 = h - 11. Suppose -2 = j - 2*m, -p*j - 37 + 13 = -4*m. Is 12 a factor of -6*j/45*9?
True
Let v = 1656 - -126. Does 54 divide v?
True
Suppose 0 = -3*p - 3*c + 6, -5*c = -4*p - 3*c + 8. Let n = p - -128. Is 13 a factor of n?
True
Suppose 0 = -5*q - 4*f + 51644, -82*q + 7*f + 41356 = -78*q. Is q a multiple of 28?
True
Suppose -194 = -s - 3*w - 64, s - 136 = -4*w. Is s a multiple of 28?
True
Let j(z) = 3*z**2 - 3*z + 1. Let x = -49 + 104. Let m = x - 58. Is j(m) a multiple of 8?
False
Suppose 5*l - 7*q + 5*q - 104 = 0, -5*l + 125 = 5*q. Suppose 1 = u - 3*a - l, -3*u + 3*a = -39. Is u a multiple of 8?
True
Does 182 divide -6 - (3170398/(-198) + (-3)/(-27))?
False
Let c(t) = -2*t**2 - 9*t. Let i be c(-4). Suppose s - a - 473 = 0, 3*s + i*a = 6*s - 1424. Is 12 a factor of s?
True
Suppose 7*g - 12423 = -117. Suppose -62*k + 56*k = -g. Does 10 divide k?
False
Suppose 2*s + 0*t - 22 = -5*t, -4*s + 30 = 3*t. Suppose s*q - 736 = 2*q. Does 16 divide q?
False
Suppose 0 = 39*o - 505149 - 782318 + 44459. Is 332 a factor of o?
True
Suppose 0 = -5*a + 9 + 11, a - 748 = -3*n. Let l = n + 463. Is 32 a factor of l?
False
Let u be (71/(-2))/((-37)/148). Let l = -124 + u. Is l a multiple of 2?
True
Suppose 16*d = 11*d - w + 303, -5*w = 5*d - 295. Let x = d - 68. Let q(o) = -o**3 - 6*o**2 + 7*o + 17. Does 4 divide q(x)?
False
Let j = 176 - 173. Suppose y + 4*o - 2*o = 360, -4*o - 1080 = -j*y. Is y a multiple of 40?
True
Suppose 11 = q - 5*z, -29*z + 24*z - 23 = -3*q. Let r(i) = 18*i + 7 + 4 + 3. Does 14 divide r(q)?
False
Let x(n) = -n**3 + n + 1. Let m(u) = -417*u**3 + u**2 - 10*u + 2. Let s(t) = -m(t) - 4*x(t). Does 14 divide s(1)?
True
Suppose -2*b + 6*b - p = 1209, -4*p - 897 = -3*b. Suppose -5*g + 5*k + 1125 = 0, -63 = g + 4*k - b. Is 10 a factor of g?
False
Does 2 divide (((-39)/(-195))/((-6)/(-15)))/(1/308)?
True
Let a(g) = -g**3 - g**2 - 2*g + 336. Let f = -86 + 86. Does 28 divide a(f)?
True
Let s(m) = 26*m + 49. Let h be s(-7). Let r = h + 119. Is 18 a factor of 42*((-12)/r - 0)?
True
Suppose 8*k - 10*k = -4. Suppose 3*f = -4*a + 5*a + 6, -4 = -k*f + 2*a. Is 0 + -6 + f + 36 a multiple of 6?
False
Suppose 0 = 5*v - 5, 8*c - 12*c - 5*v = -21. Suppose -c*b - 840 = -h, -2*h + 4*b + 1680 = 2*b. Does 21 divide h?
True
Let i(w) = 417*w**2 - 34*w - 168. Is 31 a factor of i(-7)?
False
Let v be 0/((-13)/(-13)*(0 - 2)). Suppose v = 54*u - 56*u + 684. Is u a multiple of 38?
True
Suppose 0 = 3*o - 2*o - 3. Let x be ((12/(-8))/o)/((-1)/4). Suppose -4*t - 3*r + 79 = 0, 0*r - 40 = -2*t - x*r. Is t a multiple of 5?
False
Let p be 3 - 16*(3 - 5). Let c = p - -155. Suppose -176 = -6*q + c. Is q a multiple of 7?
False
Let u be 21 - (-20)/(-16)*4. Suppose 4*l - u - 4 = -2*w, w + 14 = 2*l. Suppose -447 - 291 = -l*m. Is 19 a factor of m?
False
Let j(z) = 10*z**2 - 26*z - 5. Suppose -3*h - 2*x + 22 = h, 0 = -4*h + 5*x + 15. Does 4 divide j(h)?
False
Suppose 3*v = 2*w - 28, -2*v + 0*v - 5*w - 6 = 0. Let z(r) = -r**3 - 6*r**2 - 3*r + 16. Does 42 divide z(v)?
True
Let g be 2*4*(-16)/(-64). Suppose -g*z - 2*l = -l - 196, -4*z - 4*l = -400. Is 11 a factor of z?
False
Let v be 9*((-28)/(-3) + -4 - 5). Suppose -4*l + 4719 = -3*m, 0 = -0*l + v*l - 3*m - 3540. Does 17 divide l?
False
Let v = 52 - 36. Suppose 154 = 6*l + v. Does 23 divide l?
True
Let t be 7/28 + 11/4. Let a(f) = -7*f + 8 + 11 + t*f**2 - 4*f**2. Is a(-8) a multiple of 4?
False
Let v = -39 + 61. Let f(u) = u**3 + 3*u**2 - 11*u - 30. Let l be f(-3). Let d = l + v. Is 11 a factor of d?
False
Suppose -108*a + 110*a + 122 = 0. Let p = a + 269. Is 13 a factor of p?
True
Suppose -34*y = 2*h - 30*y - 19538, -4*y = 3*h - 29301. Does 110 divide h?
False
Let b(m) = -3043*m - 5173. Does 84 divide b(-7)?
True
Suppose -377898 = -7*m + 2*b, 21 = b + 12. Does 44 divide m?
True
Suppose 25539*b = 25535*b - 3007 + 18367. Is 15 a factor of b?
True
Let o = 182 + -167. Suppose -2*i = -o*y + 12*y + 247, -2*i = 4*y - 348. Is 17 a factor of y?
True
Let l(v) = -2*v**3 - v**2 + 16*v + 110. Is 89 a factor of l(-14)?
False
Suppose -2*v - 81 = d, -v - 5*d = 11 + 52. Let u = v - -48. Suppose -4*i - 3*k + 1 = -4, i + 3*k + u = 0. Is 4 a factor of i?
False
Suppose -5*g = 2*k - 3*k - 22501, 5*g + k = 22499. Is (0 + 12/30)/(2/g) a multiple of 25?
True
Let i(o) = o**2 + 3*o - 2. Let n be i(-2). Let g be 22*(1 - -19) + n. Let a = 638 - g. Is 18 a factor of a?
False
Let h = 36 - 19. Suppose -4*v + 85 = -4*k + h, -2*v - 3*k + 39 = 0. Does 2 divide v?
True
Suppose -2*l + 3856 - 924 = -3*q, 4*l = q + 5864. Let w = -761 + l. Is 47 a factor of w?
True
Let i be (((-477)/12)/(-3))/(1/12). Let h = 275 - i. Is 29 a factor of h?
True
Suppose -363285 = 4*b - 27*b. Does 117 divide b?
True
Suppose 644*l - 649*l = -22690. Is l a multiple of 56?
False
Let z be (-552)/(-207) - (-1 + 2/(-6)). Is 0 + (z + -4)/(-3) + 340 a multiple of 68?
True
Let r = -80 + 82. Suppose b + b + 210 = r*s, 3*s - 2*b = 312. Suppose -2*w + 18 = -s. Is 6 a factor of w?
True
Suppose -551 = 5*q + 59. Let k = 163 + q. Does 41 divide k?
True
Let c(l) = -16*l + 128. Let h(w) = -32*w + 92. Let a be h(3). Is 24 a factor of c(a)?
True
Suppose 5*u + 4*k - 42 = 0, 4*u - 5 = 5*k + 4. Suppose u*y + 27 = 489. Does 7 divide y?
True
Let k(f) be the third derivative of 7*f**6/72 - f**5/30 + f**4/3 - 5*f**3/2 + 19*f**2. Let h(q) be the first derivative of k(q). Does 28 divide h(2)?
True
Suppose x = -4*b + 16357, -16342 = 132*x - 133*x + b. Is x a multiple of 6?
False
Suppose 8589 + 2611 = 112*c. Let g be (3/(-2))/((-6)/8). Is 20 a factor of g + -5 + (c - -3)?
True
Suppose -y + 84 = 390. Let p be (13 + -14)/((-2)/10) - 161. Let k = p - y. Does 15 divide k?
True
Let c be 78*(-3)/3 + 4. Let x = 164 + c. Does 7 divide x?
False
Let i be -1 + (-117)/(-3) + 3. Let n = 44 - i. Suppose -s - 2*h = -n*h - 25, 5*s - 80 = -4*h. Is 3 a factor of s?
False
Let h(f) = -2*f**2 + 20. Let b be h(-4). Let p(w) = 2*w**2 + 14*w + 13. Is 14 a factor of p(b)?
False
Let v = 34616 - 18863. Is v a multiple of 118?
False
Let p = 96 - 99. Let u be (-8*(-5)/15)/((-1)/p). Suppose -u*q + 113 = -295. Does 31 divide q?
False
Suppose 98949 = 14*r + 5*r + 26749. Is 19 a factor of r?
True
Let d = 62 - 58. Let s(j